8*r + 6. What is h(a)?
6
Let w be (1 + 26/4)*60/75. Let g(m) be the second derivative of -m**3/6 - m**2/2 - 28*m. Let b(a) = -a**2 + 12*a + 4. Let s(t) = b(t) + 6*g(t). What is s(w)?
-2
Suppose s = -x - 8, -8*x + 6*x = s + 14. Let j(r) = 2*r**3 - 2*r**2 - 6*r - 2. Determine j(s).
-14
Suppose 248*h + 396 = 284*h. Let v(d) = d - 34. Give v(h).
-23
Let l(w) = 101*w - 1401. Let s be l(14). Let d(t) = t**2 - 14*t + 32. Determine d(s).
19
Suppose 5*g = -3*f + 14, 4*g = 5*f - 2*f - 5. Let d(s) be the second derivative of -1/3*s**f - s**2 + 5/12*s**4 - 1/20*s**5 + 0 - 8*s. Calculate d(3).
10
Let a(s) = -s**3 + s**2 - 7*s - 2. Let g be -242 - -240 - (3 + -2)*(-2)/1. Give a(g).
-2
Let n(g) = -g**2 - 2*g - 3. Let z(p) = -49*p**2 - 250*p - 25. Let i be z(-5). Determine n(i).
-3
Let s(h) = 205*h**3 + 205*h**3 - 3 - 418*h**3 + 2. Suppose -5*f - 5*u = 0, -2*u - 1 = -4*f + 5. Let j = f + 0. Calculate s(j).
-9
Let d(f) = -5*f**2 - 10*f - 2. Suppose -18*z - 8 = -5*m - 12*z, -3*m + 3 = -3*z. Calculate d(m).
-2
Suppose 1483*g - 1454*g + 145 = 0. Let m(i) = 7*i + 46. Give m(g).
11
Let b(y) = 7*y**2 - 25*y + 2. Let q(r) = 4*r**2 - 12*r + 1. Let c(l) = -b(l) + 2*q(l). Calculate c(-10).
90
Suppose 0 = -9*c + 7 + 29. Let n(k) = 67 - c*k - 45 - 23. Determine n(-1).
3
Let o(q) be the second derivative of -q**4/6 - 7*q**3/6 + 7*q**2/2 - q. Let c = -5476 + 5470. Determine o(c).
-23
Suppose 2*u = 2*w + 24, 3*u + 2 = -w - u. Let j(d) = -1920*d + 5786*d + 11 + 3 - 1942*d - 1923*d. Calculate j(w).
4
Let c(o) = -o**3 - 5*o**2 + 101*o + 24. Let w be c(8). Let n(v) be the second derivative of w + 3/2*v**2 - 1/6*v**4 + 5/6*v**3 + 19*v. What is n(5)?
-22
Let v = 15 - 7. Let c(x) be the first derivative of -x**4/12 + 4*x**3/3 + x**2 + 30*x + 4. Let m(n) be the first derivative of c(n). Give m(v).
2
Let m be 205/(-65) - -1 - (20/(-26))/5. Let a(t) = -14*t**2 - 3*t + 4. Determine a(m).
-46
Let i(z) = -103*z**2 + 4*z - 2. Let q(a) = -798*a**2 + 33*a - 17. Let w(j) = 31*i(j) - 4*q(j). Suppose 5*s + 12 = 3*s. What is w(s)?
18
Let o be (7 + -12)/((-30)/(-12)). Let n be ((-47)/141)/(o/(-6)). Let v(p) be the second derivative of -p**5/5 + p**4/12 + p**3/6 + p. Determine v(n).
4
Suppose 534 = 4*x - b - 195, -4*x + 726 = -2*b. Let l(r) = 3 - 3*r + 186*r**2 - 1 + 0*r - x*r**2. Calculate l(2).
8
Let i(u) be the third derivative of 7*u**4/24 + 11*u**3/3 + 107*u**2 + u - 1. Give i(7).
71
Let q be ((-16)/24)/(1/87*-2). Suppose d = 4, -j + 3*d + 10 = q. Let k(u) = -3*u - 2. Determine k(j).
19
Suppose 5*g - 23 = -2*u, u + 2*g = 7 + 2. Let s(p) = -64*p**3 - 2*p - 1. Calculate s(u).
65
Suppose 3*x - 20 = -5*n, 4*x - n - 65 = -0*x. Let v(o) = o**2 + x - 4*o**2 + 5*o + 2*o**2 - 18. Calculate v(2).
3
Let k(l) be the first derivative of 16*l - 1/2*l**2 - 1/4*l**4 + 1/3*l**3 + 172. Give k(0).
16
Let a(v) = -4*v + 6. Let j(t) = t. Let d(z) = 5*z - 7. Let x(p) = -d(p) + j(p). Let k(g) = -4*a(g) + 3*x(g). Determine k(-7).
-31
Let i = -27 - -23. Let f be i/22 + (-6)/11*-4. Let n(s) = 22*s - 27*s + s**f - 2 + 0*s**2. Calculate n(6).
4
Let h = 983/3 + -327. Let a(w) be the first derivative of w + 5/4*w**4 + h*w**3 - w**2 + 7. Determine a(1).
6
Let f(w) be the first derivative of 13*w**2/2 - 19*w - 3786. What is f(4)?
33
Suppose -2*k + 22 = -o, -3*k - 2*o = -2*k - 6. Suppose k*y = 165 - 45. Let t(d) = y + 0*d - 5 - 3 - 5*d. Calculate t(3).
-11
Let i(l) = -6*l. Suppose -5*t = -1 + 11. Give i(t).
12
Let b(k) be the second derivative of 1/20*k**5 - 5/12*k**4 - 8*k - k**3 + 0*k**2 + 0. Let q = 5 - -1. Calculate b(q).
0
Let g(y) = 4*y**3 + 16*y**2 - 2*y + 10. Let o(b) = 3*b**3 + 14*b**2 + 11. Let a(i) = 2*g(i) - 3*o(i). Give a(-10).
27
Let f(q) = -q**3 - 16*q**2 - 16*q + 23. Suppose 0 = -2*j + 9*j - 225 + 330. Give f(j).
38
Let c(z) be the first derivative of -5*z**2/2 - 49*z + 485. Determine c(-10).
1
Let w = -10 - -18. Suppose 8*l = 4*l + w. Let s(v) = 12*v**l + 8*v + 4 + 3*v**2 - 14*v**2. Determine s(-7).
-3
Let h be (-6)/(-10) - (-4)/10. Let v(c) = -13*c**2 + c - 26. Let m(i) = -i**2 - i + 9. Let a(w) = 3*m(w) + v(w). Calculate a(h).
-17
Suppose q - 6*q = -g + 447, -2*g + 354 = -4*q. Let i be q/36 - (-2 + (-2)/(-4)). Let c(z) = -7*z + 1. Give c(i).
8
Let u(k) be the first derivative of -k**3/6 - k**2/2 - 16*k - 26. Let b(t) be the first derivative of u(t). Let m = -146 + 150. What is b(m)?
-5
Let b be 10*1/(4/2). Suppose -2*r = g + 7, 6 + 18 = 3*g - 3*r. Let q(v) = -3 + 9*v**3 + 0 + 4 + 7*v - 10*v**g + 4*v**2. Determine q(b).
11
Let s(b) = -4*b - 10. Let l(n) be the first derivative of 2*n**2 - 4*n + 70. Let m be l(0). What is s(m)?
6
Suppose 3*v - 506 = 19*v - 62*v. Let j(i) = -i**2 + 16*i - 45. Calculate j(v).
10
Let l(c) be the third derivative of 3*c**8/2240 - c**7/1260 + c**5/120 - c**4/24 - 18*c**3 + 101*c**2. Let i(j) be the second derivative of l(j). Give i(-1).
-10
Let y = 56440 - 56435. Let p(r) = 3*r**3 - 23*r**2 - 15*r - 32. Let k(a) = -a**3 + 8*a**2 + 5*a + 11. Let m(t) = 11*k(t) + 4*p(t). Give m(y).
-7
Let a(s) be the third derivative of -s**4/6 + 5*s**3/3 + 1269*s**2. Calculate a(4).
-6
Let d(g) = -g**3 - g**2 - g - 1. Let l = 39 - 47. Let f be 4/(l/(-6)) - (-2 - -55). Let x = -51 - f. Give d(x).
0
Let h = -40953 + 40930. Let b(y) = -2*y - 24. Give b(h).
22
Suppose 0 = 49*g + 56*g + 3780. Let r(d) = -d**2 - 39*d - 88. Give r(g).
20
Let n(x) = -19*x - 20. Let a(c) = -2*c - 7. Let p(t) = 8*a(t) - n(t). Calculate p(16).
12
Let i = 318 + -316. Let b(x) = -8*x**2 - x + 9*x**2 + 2*x**i + 6*x. Give b(-2).
2
Suppose 37*k - 29 = -177. Let c(a) = -3*a**2 + 16*a + 13. Let b(j) = -j**2 + 8*j + 7. Let u(n) = -5*b(n) + 2*c(n). Calculate u(k).
7
Let r be (-10)/(6/72*-5). Let f(s) = -2 - 5*s**2 - s**3 + 24*s**2 - r*s**2. What is f(-3)?
-20
Let u(h) = 38*h + 7. Suppose 199*p - 11*p = 0. What is u(p)?
7
Let u(f) be the second derivative of 1/12*f**4 - 7/2*f**2 + 50*f - 2 - 5/6*f**3. What is u(6)?
-1
Let j = -272 - -274. Let o(w) = -35 + w**j + 14 + 22 - 6*w. Calculate o(4).
-7
Let d be -3 - 1 - (3 + -2 + -2). Let a be 3*1/9 + (-5)/d. Let q(h) = h + 5 - 4 - 2*h + 3*h**a - h - h**3. Calculate q(1).
1
Let t be 5*((-2)/30 + (-19)/57). Let n(a) = 5*a**3 + 2*a**2 - 2*a**3 - 7*a + 4*a - 3 + a**3. What is n(t)?
-21
Let h(q) = -2*q + 19*q**3 - 66*q**3 - q**2 + 10*q**3 - 8 + 17*q**3 + 22*q**3. Determine h(0).
-8
Let t(y) = -3*y. Suppose -2*d + 24 = -c, -3*c = d + 30 + 42. Let q be -1 - 0*3/c. Determine t(q).
3
Let q = -8 - -2. Let w(y) be the second derivative of 4*y**2 + 3 + 4/3*y**3 + 11*y + 1/20*y**5 + 7/12*y**4. Give w(q).
-4
Let k(i) = 6*i + 1. Let l(x) = -7*x - 2. Let p = -7 + 12. Let j(q) = p*l(q) + 6*k(q). Suppose 0 = -227*m - 27773789 + 27775832. Determine j(m).
5
Let h be (204/(-340) - (-4)/(-10))/((-3)/(-24)). Let y(t) = -2*t**2 - 14*t + 8. What is y(h)?
-8
Let x = 45 + -48. Let i be (1 + 5/(-2))*(-8)/x. Let z(d) be the third derivative of -d**6/120 - d**5/15 + d**4/24 + d**3/6 - 8*d**2. Give z(i).
-3
Let h be (14/(-10) - -1)*-110. Suppose -h*n - 124 = -696. Let p(g) = -g**2 + 13*g + 16. Give p(n).
16
Suppose 9 = 3*g - q - 5, 4 = 4*g - 5*q. Let c be 44/6 + (-2)/g. Let o(l) = -l**3 + 20*l**2 - c + 11 + 13*l - 31*l**2. Calculate o(-12).
-8
Let v(f) = 4*f - 1. Suppose 0 = 171*k + 111 - 356 - 781. What is v(k)?
23
Let l = -724 + 1208. Let v = -483 + l. Let r(a) = 5*a**2 + 2*a - 3. Let z(w) = -w + 1. Let y(h) = r(h) + 2*z(h). Calculate y(v).
4
Let d(c) = -c + 2. Let x(p) be the second derivative of -p**4/12 + 11*p**3/6 - 7*p**2/2 + 10*p. Suppose 195*q - 10 = 194*q. Let m be x(q). Determine d(m).
-1
Let y(w) = w**2 + 7*w - 14. Let c(g) = 6*g**3 + g + 3. Let q be c(-1). Let x(h) = -3. Let f(l) = q*x(l) + y(l). What is f(-9)?
16
Let y(t) = -8*t + 7708 + 2*t - 7716. Determine y(-1).
-2
Let l(g) = -g + 7*g**2 + 3*g - 1 - 4*g**2. Let s(q) = -2*q - 28. Let f be s(-14). Let p be (f - 2 - -1)/(-1). What is l(p)?
4
Let q(p) = 9*p - 1. Let u(b) = -7*b + 1. Let w(t) = -t**2 + 37*t - 39. Let d be w(36). Let g(f) = d*q(f) - 4*u(f). Give g(13).
12
Let y = -7517 + 7514. Let n(l) = -13*l - 7. Give n(y).
32
Let x(t) = -4*t**2 + 76*t - 9. Let k(b) = -7*b**2 + 125*b - 17. Let f(u) = 3*k(u) - 5*x(u). Let l(n) = n**2 + 7*n - 5. Let q be l(-7). Determine f(q).
-6
Let k(s) = s**3 - 7*s**2 + 3*s + 3. Let c(i) = 3*i**2 + 13*i + 5. Let r be 